## Report Info **User Action**: `crash report` **Sender**: `TermuxInstaller` **Report Timestamp**: `2025-06-29 08:21:40.565 UTC` ## ## Bootstrap Error `````` (-1) Termux Bootstrap Second Stage Command: Previous State: `Executing` Current State: `Failed` Stdout: - Stderr: - Exit Code: - Error Code: `2` Error Message: ``` Failed to execute "(-1) Termux Bootstrap Second Stage Command" termux task command ``` StackTraces: ``` java.io.IOException: Cannot run program "/data/data/com.termux/files/usr/etc/termux/bootstrap/termux-bootstrap-second-stage.sh" (in directory "/data/data/com.termux/files/home"): error=13, Permission denied
at java.lang.ProcessBuilder.start(ProcessBuilder.java:1050)
at java.lang.Runtime.exec(Runtime.java:712)
at com.termux.shared.shell.TermuxTask.execute(TermuxTask.java:96)
at com.termux.app.TermuxInstaller$1.run(TermuxInstaller.java:230)
Caused by: java.io.IOException: error=13, Permission denied
at java.lang.UNIXProcess.forkAndExec(Native Method)
at java.lang.UNIXProcess.(UNIXProcess.java:133)
at java.lang.ProcessImpl.start(ProcessImpl.java:141)
at java.lang.ProcessBuilder.start(ProcessBuilder.java:1029)
... 3 more ``` `````` ## Termux Files Info **TERMUX_REQUIRED_FILES_DIR_PATH ($PREFIX)**: `/data/data/com.termux/files` **ANDROID_ASSIGNED_FILES_DIR_PATH**: `/data/user/0/com.termux/files` ``` $ echo 'ls info:' /system/bin/ls -lhdZ '/data/data' '/data/user/0' '/data/data/com.termux' '/data/user/0/com.termux' '/data/data/com.termux/files' '/data/user/0/com.termux/files' '/data/user/0/com.termux/files' '/data/user/com.termux/files' '/data/data/com.termux/files/usr-staging' '/data/data/com.termux/files/usr' '/data/data/com.termux/files/home' '/data/data/com.termux/files/usr/bin/login' 2>&1 echo; echo 'mount info:' /system/bin/grep -E '( /data )|( /data/data )|( /data/user/[0-9]+ )' /proc/self/mountinfo 2>&1 | /system/bin/grep -v '/data_mirror' 2>&1 ls info: ls: /data/user/com.termux/files: No such file or directory ls: /data/data/com.termux/files/usr-staging: No such file or directory drwxrwx--x 580 system system u:object_r:system_data_file:s0:c512,c768 92K 2025-06-29 10:20 /data/data drwx------ 6 u0_a442 u0_a442 u:object_r:app_data_file:s0:c186,c257,c512,c768 3.3K 2025-06-29 10:20 /data/data/com.termux drwxrwx--x 4 u0_a442 u0_a442 u:object_r:app_data_file:s0:c186,c257,c512,c768 3.3K 2025-06-29 10:21 /data/data/com.termux/files drwx------ 2 u0_a442 u0_a442 u:object_r:app_data_file:s0:c186,c257,c512,c768 3.3K 2025-06-29 10:20 /data/data/com.termux/files/home drwx------ 10 u0_a442 u0_a442 u:object_r:app_data_file:s0:c186,c257,c512,c768 3.3K 2025-06-29 10:21 /data/data/com.termux/files/usr -rwx------ 1 u0_a442 u0_a442 u:object_r:app_data_file:s0:c186,c257,c512,c768 2.7K 2025-06-29 10:21 /data/data/com.termux/files/usr/bin/login drwxrwx--x 580 system system u:object_r:system_data_file:s0:c512,c768 92K 2025-06-29 10:20 /data/user/0 drwx------ 6 u0_a442 u0_a442 u:object_r:app_data_file:s0:c186,c257,c512,c768 3.3K 2025-06-29 10:20 /data/user/0/com.termux drwxrwx--x 4 u0_a442 u0_a442 u:object_r:app_data_file:s0:c186,c257,c512,c768 3.3K 2025-06-29 10:21 /data/user/0/com.termux/files drwxrwx--x 4 u0_a442 u0_a442 u:object_r:app_data_file:s0:c186,c257,c512,c768 3.3K 2025-06-29 10:21 /data/user/0/com.termux/files mount info: 16603 15440 254:53 / /data rw,nosuid,nodev,noatime master:44 - f2fs /dev/block/dm-53 rw,lazytime,seclabel,background_gc=on,discard,no_heap,user_xattr,inline_xattr,acl,inline_data,inline_dentry,extent_cache,mode=adaptive,active_logs=6,reserve_root=32768,resuid=0,resgid=5678,usrquota,grpquota,inlinecrypt,alloc_mode=default,checkpoint_merge,fsync_mode=nobarrier,compress_algorithm=lz4,compress_log_size=5,compress_mode=user,memory=normal 16604 16603 254:53 /data /data/user/0 rw,nosuid,nodev,noatime master:44 - f2fs /dev/block/dm-53 rw,lazytime,seclabel,background_gc=on,discard,no_heap,user_xattr,inline_xattr,acl,inline_data,inline_dentry,extent_cache,mode=adaptive,active_logs=6,reserve_root=32768,resuid=0,resgid=5678,usrquota,grpquota,inlinecrypt,alloc_mode=default,checkpoint_merge,fsync_mode=nobarrier,compress_algorithm=lz4,compress_log_size=5,compress_mode=user,memory=normal ``` ## ## Logcat Dump ````````` $ /system/bin/logcat -d -t 3000 2>&1 --------- beginning of system
06-29 10:00:29.428 26798 26798 D ActivityThread: com.termux will use render engine as VK
06-29 10:00:30.667 26798 26828 I NotificationManager: com.termux: notify(1, null, Notification(channel=termux_crash_reports_notification_channel shortcut=null contentView=null vibrate=default sound=null defaults=VIBRATE flags=AUTO_CANCEL color=0xff607d8b vis=PRIVATE semFlags=0x0 semPriority=0 semMissedCount=0)) as user
06-29 10:00:30.667 26798 26828 D NotificationManager: BOOTING pkg =com.termux mBlockedChannelsForOverflowNoti=[]
06-29 10:00:33.769 26798 26798 D ActivityThread: com.termux will use render engine as VK
06-29 10:00:38.174 26798 26914 I NotificationManager: com.termux: notify(2, null, Notification(channel=termux_crash_reports_notification_channel shortcut=null contentView=null vibrate=default sound=null defaults=VIBRATE flags=AUTO_CANCEL color=0xff607d8b vis=PRIVATE semFlags=0x0 semPriority=0 semMissedCount=0)) as user
06-29 10:00:40.270 26798 26798 D ActivityThread: com.termux will use render engine as VK
06-29 10:01:41.518 26798 26798 D Activity: onKeyDown(KEYCODE_BACK), activity=com.termux.shared.activities.ReportActivity@55b3d43
06-29 10:01:45.483 26798 27432 I NotificationManager: com.termux: notify(3, null, Notification(channel=termux_crash_reports_notification_channel shortcut=null contentView=null vibrate=default sound=null defaults=VIBRATE flags=AUTO_CANCEL color=0xff607d8b vis=PRIVATE semFlags=0x0 semPriority=0 semMissedCount=0)) as user
06-29 10:06:16.974 26798 26798 D ActivityThread: com.termux will use render engine as VK --------- beginning of main
06-29 10:09:32.454 26798 26798 I VRI[TermuxActivity]@9200327: onDisplayChanged oldDisplayState=2 newDisplayState=2
06-29 10:09:32.454 26798 26798 I VRI[TermuxActivity]@3d5b6ad: onDisplayChanged oldDisplayState=2 newDisplayState=2
06-29 10:09:32.454 26798 26798 I VRI[ReportActivity]@2637b35: onDisplayChanged oldDisplayState=2 newDisplayState=2
06-29 10:09:34.763 26798 26798 I VRI[TermuxActivity]@9200327: onDisplayChanged oldDisplayState=2 newDisplayState=2
06-29 10:09:34.763 26798 26798 I VRI[TermuxActivity]@3d5b6ad: onDisplayChanged oldDisplayState=2 newDisplayState=2
06-29 10:09:34.763 26798 26798 I VRI[ReportActivity]@2637b35: onDisplayChanged oldDisplayState=2 newDisplayState=2
06-29 10:09:34.859 26798 26798 I VRI[TermuxActivity]@9200327: onDisplayChanged oldDisplayState=2 newDisplayState=1
06-29 10:09:34.860 26798 26798 I VRI[TermuxActivity]@3d5b6ad: onDisplayChanged oldDisplayState=2 newDisplayState=1
06-29 10:09:34.861 26798 26798 I VRI[ReportActivity]@2637b35: onDisplayChanged oldDisplayState=2 newDisplayState=1
06-29 10:09:35.025 26798 26798 I VRI[TermuxActivity]@9200327: onDisplayChanged oldDisplayState=1 newDisplayState=1
06-29 10:09:35.025 26798 26798 I VRI[TermuxActivity]@3d5b6ad: onDisplayChanged oldDisplayState=1 newDisplayState=1
06-29 10:09:35.025 26798 26798 I VRI[ReportActivity]@2637b35: onDisplayChanged oldDisplayState=1 newDisplayState=1
06-29 10:09:35.409 26798 26798 I VRI[TermuxActivity]@9200327: onDisplayChanged oldDisplayState=1 newDisplayState=1
06-29 10:09:35.409 26798 26798 I VRI[TermuxActivity]@3d5b6ad: onDisplayChanged oldDisplayState=1 newDisplayState=1
06-29 10:09:35.410 26798 26798 I VRI[ReportActivity]@2637b35: onDisplayChanged oldDisplayState=1 newDisplayState=1
06-29 10:10:10.347 26798 26798 I VRI[TermuxActivity]@9200327: onDisplayChanged oldDisplayState=1 newDisplayState=3
06-29 10:10:10.348 26798 26798 I VRI[TermuxActivity]@3d5b6ad: onDisplayChanged oldDisplayState=1 newDisplayState=3
06-29 10:10:10.349 26798 26798 I VRI[ReportActivity]@2637b35: onDisplayChanged oldDisplayState=1 newDisplayState=3
06-29 10:10:10.539 26798 26798 I VRI[TermuxActivity]@9200327: onDisplayChanged oldDisplayState=3 newDisplayState=3
06-29 10:10:10.540 26798 26798 I VRI[TermuxActivity]@3d5b6ad: onDisplayChanged oldDisplayState=3 newDisplayState=3
06-29 10:10:10.540 26798 26798 I VRI[ReportActivity]@2637b35: onDisplayChanged oldDisplayState=3 newDisplayState=3
06-29 10:10:25.566 26798 26798 I VRI[TermuxActivity]@9200327: onDisplayChanged oldDisplayState=3 newDisplayState=1
06-29 10:10:25.566 26798 26798 I VRI[TermuxActivity]@3d5b6ad: onDisplayChanged oldDisplayState=3 newDisplayState=1
06-29 10:10:25.566 26798 26798 I VRI[ReportActivity]@2637b35: onDisplayChanged oldDisplayState=3 newDisplayState=1
06-29 10:10:25.822 26798 26798 I VRI[TermuxActivity]@9200327: onDisplayChanged oldDisplayState=1 newDisplayState=1
06-29 10:10:25.822 26798 26798 I VRI[TermuxActivity]@3d5b6ad: onDisplayChanged oldDisplayState=1 newDisplayState=1
06-29 10:10:25.822 26798 26798 I VRI[ReportActivity]@2637b35: onDisplayChanged oldDisplayState=1 newDisplayState=1
06-29 10:10:25.983 26798 26798 I VRI[TermuxActivity]@9200327: onDisplayChanged oldDisplayState=1 newDisplayState=3
06-29 10:10:25.984 26798 26798 I VRI[TermuxActivity]@3d5b6ad: onDisplayChanged oldDisplayState=1 newDisplayState=3
06-29 10:10:25.984 26798 26798 I VRI[ReportActivity]@2637b35: onDisplayChanged oldDisplayState=1 newDisplayState=3
06-29 10:10:26.180 26798 26798 I VRI[TermuxActivity]@9200327: onDisplayChanged oldDisplayState=3 newDisplayState=3
06-29 10:10:26.180 26798 26798 I VRI[TermuxActivity]@3d5b6ad: onDisplayChanged oldDisplayState=3 newDisplayState=3
06-29 10:10:26.180 26798 26798 I VRI[ReportActivity]@2637b35: onDisplayChanged oldDisplayState=3 newDisplayState=3
06-29 10:10:36.278 26798 26798 I VRI[TermuxActivity]@9200327: onDisplayChanged oldDisplayState=3 newDisplayState=4
06-29 10:10:36.279 26798 26798 I VRI[TermuxActivity]@3d5b6ad: onDisplayChanged oldDisplayState=3 newDisplayState=4
06-29 10:10:36.292 26798 26798 I VRI[ReportActivity]@2637b35: onDisplayChanged oldDisplayState=3 newDisplayState=4
06-29 10:10:36.312 26798 26798 I VRI[TermuxActivity]@9200327: onDisplayChanged oldDisplayState=4 newDisplayState=4
06-29 10:10:36.312 26798 26798 I VRI[TermuxActivity]@3d5b6ad: onDisplayChanged oldDisplayState=4 newDisplayState=4
06-29 10:10:36.312 26798 26798 I VRI[ReportActivity]@2637b35: onDisplayChanged oldDisplayState=4 newDisplayState=4
06-29 10:10:36.331 26798 26798 I VRI[TermuxActivity]@9200327: onDisplayChanged oldDisplayState=4 newDisplayState=1
06-29 10:10:36.332 26798 26798 I VRI[TermuxActivity]@3d5b6ad: onDisplayChanged oldDisplayState=4 newDisplayState=1
06-29 10:10:36.332 26798 26798 I VRI[ReportActivity]@2637b35: onDisplayChanged oldDisplayState=4 newDisplayState=1
06-29 10:10:36.553 26798 26798 I VRI[TermuxActivity]@9200327: onDisplayChanged oldDisplayState=1 newDisplayState=1
06-29 10:10:36.553 26798 26798 I VRI[TermuxActivity]@3d5b6ad: onDisplayChanged oldDisplayState=1 newDisplayState=1
06-29 10:10:36.553 26798 26798 I VRI[ReportActivity]@2637b35: onDisplayChanged oldDisplayState=1 newDisplayState=1
06-29 10:10:42.861 26798 26798 I VRI[TermuxActivity]@9200327: onDisplayChanged oldDisplayState=1 newDisplayState=2
06-29 10:10:42.862 26798 26798 I VRI[TermuxActivity]@3d5b6ad: onDisplayChanged oldDisplayState=1 newDisplayState=2
06-29 10:10:42.862 26798 26798 I VRI[ReportActivity]@2637b35: onDisplayChanged oldDisplayState=1 newDisplayState=2
06-29 10:10:43.021 26798 26798 I VRI[TermuxActivity]@9200327: onDisplayChanged oldDisplayState=2 newDisplayState=2
06-29 10:10:43.022 26798 26798 I VRI[TermuxActivity]@3d5b6ad: onDisplayChanged oldDisplayState=2 newDisplayState=2
06-29 10:10:43.022 26798 26798 I VRI[ReportActivity]@2637b35: onDisplayChanged oldDisplayState=2 newDisplayState=2
06-29 10:10:43.048 26798 26798 I VRI[TermuxActivity]@9200327: onDisplayChanged oldDisplayState=2 newDisplayState=2
06-29 10:10:43.048 26798 26798 I VRI[TermuxActivity]@3d5b6ad: onDisplayChanged oldDisplayState=2 newDisplayState=2
06-29 10:10:43.048 26798 26798 I VRI[ReportActivity]@2637b35: onDisplayChanged oldDisplayState=2 newDisplayState=2
06-29 10:10:48.871 26798 26798 I VRI[TermuxActivity]@9200327: onDisplayChanged oldDisplayState=2 newDisplayState=2
06-29 10:10:48.871 26798 26798 I VRI[TermuxActivity]@3d5b6ad: onDisplayChanged oldDisplayState=2 newDisplayState=2
06-29 10:10:48.871 26798 26798 I VRI[ReportActivity]@2637b35: onDisplayChanged oldDisplayState=2 newDisplayState=2
06-29 10:10:48.907 26798 26798 I VRI[TermuxActivity]@9200327: onDisplayChanged oldDisplayState=2 newDisplayState=2
06-29 10:10:48.907 26798 26798 I VRI[TermuxActivity]@3d5b6ad: onDisplayChanged oldDisplayState=2 newDisplayState=2
06-29 10:10:48.908 26798 26798 I VRI[ReportActivity]@2637b35: onDisplayChanged oldDisplayState=2 newDisplayState=2
06-29 10:10:49.084 26798 26798 I VRI[TermuxActivity]@9200327: onDisplayChanged oldDisplayState=2 newDisplayState=1
06-29 10:10:49.085 26798 26798 I VRI[TermuxActivity]@3d5b6ad: onDisplayChanged oldDisplayState=2 newDisplayState=1
06-29 10:10:49.085 26798 26798 I VRI[ReportActivity]@2637b35: onDisplayChanged oldDisplayState=2 newDisplayState=1
06-29 10:10:49.230 26798 26798 I VRI[TermuxActivity]@9200327: onDisplayChanged oldDisplayState=1 newDisplayState=1
06-29 10:10:49.230 26798 26798 I VRI[TermuxActivity]@3d5b6ad: onDisplayChanged oldDisplayState=1 newDisplayState=1
06-29 10:10:49.231 26798 26798 I VRI[ReportActivity]@2637b35: onDisplayChanged oldDisplayState=1 newDisplayState=1
06-29 10:10:49.268 26798 26798 I VRI[TermuxActivity]@9200327: onDisplayChanged oldDisplayState=1 newDisplayState=1
06-29 10:10:49.268 26798 26798 I VRI[TermuxActivity]@3d5b6ad: onDisplayChanged oldDisplayState=1 newDisplayState=1
06-29 10:10:49.268 26798 26798 I VRI[ReportActivity]@2637b35: onDisplayChanged oldDisplayState=1 newDisplayState=1
06-29 10:10:56.251 26798 26798 I VRI[TermuxActivity]@9200327: onDisplayChanged oldDisplayState=1 newDisplayState=2
06-29 10:10:56.253 26798 26798 I VRI[TermuxActivity]@3d5b6ad: onDisplayChanged oldDisplayState=1 newDisplayState=2
06-29 10:10:56.253 26798 26798 I VRI[ReportActivity]@2637b35: onDisplayChanged oldDisplayState=1 newDisplayState=2
06-29 10:10:56.435 26798 26798 I VRI[TermuxActivity]@9200327: onDisplayChanged oldDisplayState=2 newDisplayState=2
06-29 10:10:56.435 26798 26798 I VRI[TermuxActivity]@3d5b6ad: onDisplayChanged oldDisplayState=2 newDisplayState=2
06-29 10:10:56.435 26798 26798 I VRI[ReportActivity]@2637b35: onDisplayChanged oldDisplayState=2 newDisplayState=2
06-29 10:10:56.456 26798 26798 I VRI[TermuxActivity]@9200327: onDisplayChanged oldDisplayState=2 newDisplayState=2
06-29 10:10:56.456 26798 26798 I VRI[TermuxActivity]@3d5b6ad: onDisplayChanged oldDisplayState=2 newDisplayState=2
06-29 10:10:56.456 26798 26798 I VRI[ReportActivity]@2637b35: onDisplayChanged oldDisplayState=2 newDisplayState=2
06-29 10:10:57.330 26798 26798 I VRI[ReportActivity]@2637b35: handleAppVisibility mAppVisible = false visible = true
06-29 10:10:57.338 26798 26798 I VRI[ReportActivity]@2637b35: stopped(false) old = true
06-29 10:10:57.338 26798 26798 D VRI[ReportActivity]@2637b35: WindowStopped on com.termux/com.termux.shared.activities.ReportActivity set to false
06-29 10:10:57.347 26798 26798 I InsetsController: onStateChanged: host=com.termux/com.termux.shared.activities.ReportActivity, from=android.view.ViewRootImpl.relayoutWindow:11304, state=InsetsState: {mDisplayFrame=Rect(0, 0 - 1080, 2340), mDisplayCutout=DisplayCutout{insets=Rect(0, 81 - 0, 0) waterfall=Insets{left=0, top=0, right=0, bottom=0} boundingRect={Bounds=[Rect(0, 0 - 0, 0), Rect(512, 0 - 568, 81), Rect(0, 0 - 0, 0), Rect(0, 0 - 0, 0)]} cutoutPathParserInfo={CutoutPathParserInfo{displayWidth=1080 displayHeight=2340 physicalDisplayWidth=1080 physicalDisplayHeight=2340 density={3.0} cutoutSpec={M 0,0 H -9.333333333333333 V 27 H 9.333333333333333 V 0 H 0 Z @dp} rotation={0} scale={1.0} physicalPixelDisplaySizeRatio={1.0}}} sideOverrides={}}, mRoundedCorners=RoundedCorners{[RoundedCorner{position=TopLeft, radius=95, center=Point(95, 95)}, RoundedCorner{position=TopRight, radius=95, center=Point(985, 95)}, RoundedCorner{position=BottomRight, radius=95, center=Point(985, 2245)}, RoundedCorner{position=BottomLeft, radius=95, center=Point(95, 2245)}]} mRoundedCornerFrame=Rect(0, 0 - 1080, 2340), mPrivacyIndicatorBounds=PrivacyIndicatorBounds {static bounds=Rect(964, 0 - 1080, 81) rotation=0}, mDisplayShape=DisplayShape{ spec=-311912193 displayWidth=1080 displayHeight=2340 physicalPixelDisplaySizeRatio=1.0 rotation=0 offsetX=0 offsetY=0 scale=1.0}, mSources= { InsetsSource: {e7230000 mType=statusBars mFrame=[0,0][1080,81] mVisible=true mFlags= mSideHint=TOP mBoundingRects=null}, InsetsSource: {e7230005 mType=mandatorySystemGestures mFrame=[0,0][1080,113] mVisible=true mFlags= mSideHint=TOP mBoundingRects=null}, InsetsSource: {e7230006 mType=tappableElement mFrame=[0,0][1080,81] mVisible=true mFlags= mSideHint=TOP mBoundingRects=null}, InsetsSource: {f3730001 mType=navigationBars mFrame=[0,2214][1080,2340] mVisible=false mFlags= mSideHint=BOTTOM mBoundingRects=null}, InsetsSource: {f3730004 mType=systemGestures mFrame=[0,0][0,0] mVisible=true mFlags= mSideHint=NONE mBoundingRects=null}, InsetsSource: {f3730005 mType=mandatorySystemGestures mFrame=[0,2214][1080,2340] mVisible=true mFlags= mSideHint=BOTTOM mBoundingRects=null}, InsetsSource: {f3730006 mType=tappableElement mFrame=[0,2214][1080,2340] mVisible=true mFlags= mSideHint=BOTTOM mBoundingRects=null}, InsetsSource: {f3730024 mType=systemGestures mFrame=[0,0][0,0] mVisible=true mFlags= mSideHint=NONE mBoundingRects=null}, InsetsSource: {3 mType=ime mFrame=[0,0][0,0] mVisible=false mFlags= mSideHint=NONE mBoundingRects=null}, InsetsSource: {27 mType=displayCutout mFrame=[0,0][1080,81] mVisible=true mFlags= mSideHint=TOP mBoundingRects=null} }
06-29 10:10:57.349 26798 26798 I BLASTBufferQueue_Java: new BLASTBufferQueue, mName= VRI[ReportActivity]@2637b35 mNativeObject= 0x758a8bcaf0 sc.mNativeObject= 0x75ca879390 caller= android.view.ViewRootImpl.updateBlastSurfaceIfNeeded:3397 android.view.ViewRootImpl.relayoutWindow:11361 android.view.ViewRootImpl.performTraversals:4544 android.view.ViewRootImpl.doTraversal:3708 android.view.ViewRootImpl$TraversalRunnable.run:12542 android.view.Choreographer$CallbackRecord.run:1751 android.view.Choreographer$CallbackRecord.run:1760 android.view.Choreographer.doCallbacks:1216 android.view.Choreographer.doFrame:1142 android.view.Choreographer$FrameDisplayEventReceiver.run:1707
06-29 10:10:57.350 26798 26798 I BLASTBufferQueue_Java: update, w= 1080 h= 2340 mName = VRI[ReportActivity]@2637b35 mNativeObject= 0x758a8bcaf0 sc.mNativeObject= 0x75ca879390 format= -1 caller= android.graphics.BLASTBufferQueue.:88 android.view.ViewRootImpl.updateBlastSurfaceIfNeeded:3397 android.view.ViewRootImpl.relayoutWindow:11361 android.view.ViewRootImpl.performTraversals:4544 android.view.ViewRootImpl.doTraversal:3708 android.view.ViewRootImpl$TraversalRunnable.run:12542
06-29 10:10:57.350 26798 26798 I VRI[ReportActivity]@2637b35: Relayout returned: old=(0,0,1080,2340) new=(0,0,1080,2340) relayoutAsync=false req=(1080,2340)0 dur=7 res=0x3 s={true 0x75ba9241f0} ch=true seqId=0
06-29 10:10:57.355 26798 26798 D VRI[ReportActivity]@2637b35: mThreadedRenderer.initialize() mSurface={isValid=true 0x75ba9241f0} hwInitialized=true
06-29 10:10:57.366 26798 26798 D VRI[ReportActivity]@2637b35: reportNextDraw android.view.ViewRootImpl.performTraversals:5193 android.view.ViewRootImpl.doTraversal:3708 android.view.ViewRootImpl$TraversalRunnable.run:12542 android.view.Choreographer$CallbackRecord.run:1751 android.view.Choreographer$CallbackRecord.run:1760
06-29 10:10:57.366 26798 26798 D VRI[ReportActivity]@2637b35: Setup new sync=wmsSync-VRI[ReportActivity]@2637b35#75
06-29 10:10:57.366 26798 26798 I VRI[ReportActivity]@2637b35: Creating new active sync group VRI[ReportActivity]@2637b35#76
06-29 10:10:57.366 26798 26798 D VRI[ReportActivity]@2637b35: Start draw after previous draw not visible
06-29 10:10:57.372 26798 26798 D VRI[ReportActivity]@2637b35: registerCallbacksForSync syncBuffer=false
06-29 10:10:57.393 26798 26826 D VRI[ReportActivity]@2637b35: Received frameDrawingCallback syncResult=0 frameNum=1.
06-29 10:10:57.393 26798 26826 I VRI[ReportActivity]@2637b35: mWNT: t=0x74ca90e050 mBlastBufferQueue=0x758a8bcaf0 fn= 1 HdrRenderState mRenderHdrSdrRatio=1.0 caller= android.view.ViewRootImpl$11.onFrameDraw:15016 android.view.ThreadedRenderer$1.onFrameDraw:761
06-29 10:10:57.393 26798 26826 I VRI[ReportActivity]@2637b35: Setting up sync and frameCommitCallback
06-29 10:10:57.394 26798 26813 I BLASTBufferQueue: [VRI[ReportActivity]@2637b35#24](f:0,a:0,s:0) onFrameAvailable the first frame is available
06-29 10:10:57.394 26798 26813 I VRI[ReportActivity]@2637b35: Received frameCommittedCallback lastAttemptedDrawFrameNum=1 didProduceBuffer=true
06-29 10:10:57.395 26798 26798 D VRI[ReportActivity]@2637b35: reportDrawFinished seqId=0
06-29 10:10:57.396 26798 26798 I InsetsController: onStateChanged: host=com.termux/com.termux.shared.activities.ReportActivity, from=android.view.ViewRootImpl.handleResized:2789, state=InsetsState: {mDisplayFrame=Rect(0, 0 - 1080, 2340), mDisplayCutout=DisplayCutout{insets=Rect(0, 81 - 0, 0) waterfall=Insets{left=0, top=0, right=0, bottom=0} boundingRect={Bounds=[Rect(0, 0 - 0, 0), Rect(512, 0 - 568, 81), Rect(0, 0 - 0, 0), Rect(0, 0 - 0, 0)]} cutoutPathParserInfo={CutoutPathParserInfo{displayWidth=1080 displayHeight=2340 physicalDisplayWidth=1080 physicalDisplayHeight=2340 density={3.0} cutoutSpec={M 0,0 H -9.333333333333333 V 27 H 9.333333333333333 V 0 H 0 Z @dp} rotation={0} scale={1.0} physicalPixelDisplaySizeRatio={1.0}}} sideOverrides={}}, mRoundedCorners=RoundedCorners{[RoundedCorner{position=TopLeft, radius=95, center=Point(95, 95)}, RoundedCorner{position=TopRight, radius=95, center=Point(985, 95)}, RoundedCorner{position=BottomRight, radius=95, center=Point(985, 2245)}, RoundedCorner{position=BottomLeft, radius=95, center=Point(95, 2245)}]} mRoundedCornerFrame=Rect(0, 0 - 1080, 2340), mPrivacyIndicatorBounds=PrivacyIndicatorBounds {static bounds=Rect(964, 0 - 1080, 81) rotation=0}, mDisplayShape=DisplayShape{ spec=-311912193 displayWidth=1080 displayHeight=2340 physicalPixelDisplaySizeRatio=1.0 rotation=0 offsetX=0 offsetY=0 scale=1.0}, mSources= { InsetsSource: {e7230000 mType=statusBars mFrame=[0,0][1080,81] mVisible=true mFlags= mSideHint=TOP mBoundingRects=null}, InsetsSource: {e7230005 mType=mandatorySystemGestures mFrame=[0,0][1080,113] mVisible=true mFlags= mSideHint=TOP mBoundingRects=null}, InsetsSource: {e7230006 mType=tappableElement mFrame=[0,0][1080,81] mVisible=true mFlags= mSideHint=TOP mBoundingRects=null}, InsetsSource: {f3730001 mType=navigationBars mFrame=[0,2214][1080,2340] mVisible=true mFlags= mSideHint=BOTTOM mBoundingRects=null}, InsetsSource: {f3730004 mType=systemGestures mFrame=[0,0][0,0] mVisible=true mFlags= mSideHint=NONE mBoundingRects=null}, InsetsSource: {f3730005 mType=mandatorySystemGestures mFrame=[0,2214][1080,2340] mVisible=true mFlags= mSideHint=BOTTOM mBoundingRects=null}, InsetsSource: {f3730006 mType=tappableElement mFrame=[0,2214][1080,2340] mVisible=true mFlags= mSideHint=BOTTOM mBoundingRects=null}, InsetsSource: {f3730024 mType=systemGestures mFrame=[0,0][0,0] mVisible=true mFlags= mSideHint=NONE mBoundingRects=null}, InsetsSource: {3 mType=ime mFrame=[0,0][0,0] mVisible=false mFlags= mSideHint=NONE mBoundingRects=null}, InsetsSource: {27 mType=displayCutout mFrame=[0,0][1080,81] mVisible=true mFlags= mSideHint=TOP mBoundingRects=null} }
06-29 10:10:57.396 26798 26798 I VRI[ReportActivity]@2637b35: handleResized, frames=ClientWindowFrames{frame=[0,0][1080,2340] display=[0,0][1080,2340] parentFrame=[0,0][0,0]} displayId=0 dragResizing=false compatScale=1.0 frameChanged=false attachedFrameChanged=false configChanged=false displayChanged=false compatScaleChanged=false dragResizingChanged=false
06-29 10:10:57.396 26798 26798 I VRI[ReportActivity]@2637b35: handleResized mSyncSeqId = 0
06-29 10:10:57.396 26798 26798 D VRI[ReportActivity]@2637b35: reportNextDraw android.view.ViewRootImpl.handleResized:2864 android.view.ViewRootImpl.-$$Nest$mhandleResized:0 android.view.ViewRootImpl$W.resized:13691 android.app.servertransaction.WindowStateResizeItem.execute:64 android.app.servertransaction.WindowStateTransactionItem.execute:59
06-29 10:10:57.402 26798 26798 D VRI[ReportActivity]@2637b35: Setup new sync=wmsSync-VRI[ReportActivity]@2637b35#77
06-29 10:10:57.402 26798 26798 I VRI[ReportActivity]@2637b35: Creating new active sync group VRI[ReportActivity]@2637b35#78
06-29 10:10:57.409 26798 26798 D VRI[ReportActivity]@2637b35: registerCallbacksForSync syncBuffer=false
06-29 10:10:57.415 26798 26825 D VRI[ReportActivity]@2637b35: Received frameDrawingCallback syncResult=0 frameNum=2.
06-29 10:10:57.415 26798 26825 I VRI[ReportActivity]@2637b35: Setting up sync and frameCommitCallback
06-29 10:10:57.417 26798 26813 I VRI[ReportActivity]@2637b35: Received frameCommittedCallback lastAttemptedDrawFrameNum=2 didProduceBuffer=true
06-29 10:10:57.417 26798 26798 D VRI[ReportActivity]@2637b35: reportDrawFinished seqId=0
06-29 10:10:57.718 26798 26798 I InsetsSourceConsumer: applyRequestedVisibilityToControl: visible=true, type=navigationBars, host=com.termux/com.termux.shared.activities.ReportActivity
06-29 10:10:57.720 26798 26798 I InsetsSourceConsumer: applyRequestedVisibilityToControl: visible=true, type=statusBars, host=com.termux/com.termux.shared.activities.ReportActivity
06-29 10:10:57.742 26798 26798 D VRI[ReportActivity]@2637b35: mThreadedRenderer.initializeIfNeeded()#2 mSurface={isValid=true 0x75ba9241f0}
06-29 10:10:57.743 26798 26798 D InputMethodManagerUtils: startInputInner - Id : 0
06-29 10:10:57.743 26798 26798 I InputMethodManager: startInputInner - IInputMethodManagerGlobalInvoker.startInputOrWindowGainedFocus
06-29 10:10:57.759 26798 27971 D InputTransport: Input channel constructed: 'ClientS', fd=146
06-29 10:10:57.780 26798 26798 I InsetsSourceConsumer: applyRequestedVisibilityToControl: visible=false, type=ime, host=com.termux/com.termux.shared.activities.ReportActivity
06-29 10:10:57.782 26798 26798 I VRI[ReportActivity]@2637b35: handleResized, frames=ClientWindowFrames{frame=[0,0][1080,2340] display=[0,0][1080,2340] parentFrame=[0,0][0,0]} displayId=0 dragResizing=false compatScale=1.0 frameChanged=false attachedFrameChanged=false configChanged=false displayChanged=false compatScaleChanged=false dragResizingChanged=false
06-29 10:10:57.979 26798 26798 I ImeFocusController: onPreWindowFocus: skipped hasWindowFocus=false mHasImeFocus=true
06-29 10:10:57.980 26798 26798 I ImeFocusController: onPostWindowFocus: skipped hasWindowFocus=false mHasImeFocus=true
06-29 10:10:59.388 26798 26798 I InsetsSourceConsumer: applyRequestedVisibilityToControl: visible=true, type=navigationBars, host=com.termux/com.termux.shared.activities.ReportActivity
06-29 10:10:59.388 26798 26798 I InsetsSourceConsumer: applyRequestedVisibilityToControl: visible=true, type=statusBars, host=com.termux/com.termux.shared.activities.ReportActivity
06-29 10:10:59.494 26798 26798 D InputTransport: Input channel destroyed: 'ClientS', fd=146
06-29 10:10:59.935 26798 26798 I VRI[ReportActivity]@2637b35: handleAppVisibility mAppVisible = true visible = false
06-29 10:10:59.935 26798 26798 D VRI[ReportActivity]@2637b35: visibilityChanged oldVisibility=true newVisibility=false
06-29 10:10:59.943 26798 26813 D HWUI : CacheManager::trimMemory(20)
06-29 10:10:59.948 26798 26798 I VRI[ReportActivity]@2637b35: Relayout returned: old=(0,0,1080,2340) new=(0,0,1080,2340) relayoutAsync=false req=(1080,2340)8 dur=2 res=0x2 s={false 0x0} ch=true seqId=0
06-29 10:10:59.948 26798 26798 D VRI[ReportActivity]@2637b35: Not drawing due to not visible. Reason=!mAppVisible && !mForceDecorViewVisibility
06-29 10:10:59.949 26798 26798 I VRI[ReportActivity]@2637b35: stopped(true) old = false
06-29 10:10:59.949 26798 26798 D VRI[ReportActivity]@2637b35: WindowStopped on com.termux/com.termux.shared.activities.ReportActivity set to true
06-29 10:10:59.949 26798 26813 D HWUI : CacheManager::trimMemory(20)
06-29 10:10:59.959 26798 26798 I VRI[ReportActivity]@2637b35: Relayout returned: old=(0,0,1080,2340) new=(0,0,1080,2340) relayoutAsync=false req=(1080,2340)8 dur=2 res=0x2 s={false 0x0} ch=false seqId=0
06-29 10:11:03.008 26798 26798 I VRI[TermuxActivity]@9200327: onDisplayChanged oldDisplayState=2 newDisplayState=2
06-29 10:11:03.008 26798 26798 I VRI[TermuxActivity]@3d5b6ad: onDisplayChanged oldDisplayState=2 newDisplayState=2
06-29 10:11:03.008 26798 26798 I VRI[ReportActivity]@2637b35: onDisplayChanged oldDisplayState=2 newDisplayState=2
06-29 10:11:04.111 26798 26798 I VRI[TermuxActivity]@9200327: onDisplayChanged oldDisplayState=2 newDisplayState=2
06-29 10:11:04.116 26798 26798 I VRI[TermuxActivity]@3d5b6ad: onDisplayChanged oldDisplayState=2 newDisplayState=2
06-29 10:11:04.117 26798 26798 I VRI[ReportActivity]@2637b35: onDisplayChanged oldDisplayState=2 newDisplayState=2
06-29 10:11:12.722 26798 26798 I VRI[TermuxActivity]@9200327: onDisplayChanged oldDisplayState=2 newDisplayState=2
06-29 10:11:12.722 26798 26798 I VRI[TermuxActivity]@3d5b6ad: onDisplayChanged oldDisplayState=2 newDisplayState=2
06-29 10:11:12.722 26798 26798 I VRI[ReportActivity]@2637b35: onDisplayChanged oldDisplayState=2 newDisplayState=2
06-29 10:11:14.273 26798 26798 I VRI[TermuxActivity]@9200327: onDisplayChanged oldDisplayState=2 newDisplayState=2
06-29 10:11:14.273 26798 26798 I VRI[TermuxActivity]@3d5b6ad: onDisplayChanged oldDisplayState=2 newDisplayState=2
06-29 10:11:14.273 26798 26798 I VRI[ReportActivity]@2637b35: onDisplayChanged oldDisplayState=2 newDisplayState=2
06-29 10:11:17.634 26798 26798 I VRI[TermuxActivity]@9200327: onDisplayChanged oldDisplayState=2 newDisplayState=2
06-29 10:11:17.634 26798 26798 I VRI[TermuxActivity]@3d5b6ad: onDisplayChanged oldDisplayState=2 newDisplayState=2
06-29 10:11:17.634 26798 26798 I VRI[ReportActivity]@2637b35: onDisplayChanged oldDisplayState=2 newDisplayState=2
06-29 10:11:19.653 26798 26798 I VRI[TermuxActivity]@9200327: onDisplayChanged oldDisplayState=2 newDisplayState=2
06-29 10:11:19.653 26798 26798 I VRI[TermuxActivity]@3d5b6ad: onDisplayChanged oldDisplayState=2 newDisplayState=2
06-29 10:11:19.653 26798 26798 I VRI[ReportActivity]@2637b35: onDisplayChanged oldDisplayState=2 newDisplayState=2
06-29 10:11:27.060 26798 26798 I VRI[TermuxActivity]@9200327: onDisplayChanged oldDisplayState=2 newDisplayState=2
06-29 10:11:27.060 26798 26798 I VRI[TermuxActivity]@3d5b6ad: onDisplayChanged oldDisplayState=2 newDisplayState=2
06-29 10:11:27.061 26798 26798 I VRI[ReportActivity]@2637b35: onDisplayChanged oldDisplayState=2 newDisplayState=2
06-29 10:11:30.948 26798 26798 I VRI[TermuxActivity]@9200327: onDisplayChanged oldDisplayState=2 newDisplayState=2
06-29 10:11:30.948 26798 26798 I VRI[TermuxActivity]@3d5b6ad: onDisplayChanged oldDisplayState=2 newDisplayState=2
06-29 10:11:30.948 26798 26798 I VRI[ReportActivity]@2637b35: onDisplayChanged oldDisplayState=2 newDisplayState=2
06-29 10:12:12.214 26798 26798 I VRI[TermuxActivity]@9200327: onDisplayChanged oldDisplayState=2 newDisplayState=2
06-29 10:12:12.215 26798 26798 I VRI[TermuxActivity]@3d5b6ad: onDisplayChanged oldDisplayState=2 newDisplayState=2
06-29 10:12:12.215 26798 26798 I VRI[ReportActivity]@2637b35: onDisplayChanged oldDisplayState=2 newDisplayState=2
06-29 10:12:12.725 26798 26798 I VRI[TermuxActivity]@9200327: onDisplayChanged oldDisplayState=2 newDisplayState=2
06-29 10:12:12.725 26798 26798 I VRI[TermuxActivity]@3d5b6ad: onDisplayChanged oldDisplayState=2 newDisplayState=2
06-29 10:12:12.725 26798 26798 I VRI[ReportActivity]@2637b35: onDisplayChanged oldDisplayState=2 newDisplayState=2
06-29 10:12:21.335 26798 26798 I VRI[TermuxActivity]@9200327: onDisplayChanged oldDisplayState=2 newDisplayState=2
06-29 10:12:21.335 26798 26798 I VRI[TermuxActivity]@3d5b6ad: onDisplayChanged oldDisplayState=2 newDisplayState=2
06-29 10:12:21.335 26798 26798 I VRI[ReportActivity]@2637b35: onDisplayChanged oldDisplayState=2 newDisplayState=2
06-29 10:12:23.727 26798 26798 I VRI[TermuxActivity]@9200327: onDisplayChanged oldDisplayState=2 newDisplayState=2
06-29 10:12:23.727 26798 26798 I VRI[TermuxActivity]@3d5b6ad: onDisplayChanged oldDisplayState=2 newDisplayState=2
06-29 10:12:23.727 26798 26798 I VRI[ReportActivity]@2637b35: onDisplayChanged oldDisplayState=2 newDisplayState=2
06-29 10:12:48.629 26798 26798 I VRI[TermuxActivity]@9200327: onDisplayChanged oldDisplayState=2 newDisplayState=2
06-29 10:12:48.629 26798 26798 I VRI[TermuxActivity]@3d5b6ad: onDisplayChanged oldDisplayState=2 newDisplayState=2
06-29 10:12:48.629 26798 26798 I VRI[ReportActivity]@2637b35: onDisplayChanged oldDisplayState=2 newDisplayState=2
06-29 10:12:49.927 26798 26798 I VRI[TermuxActivity]@9200327: onDisplayChanged oldDisplayState=2 newDisplayState=2
06-29 10:12:49.927 26798 26798 I VRI[TermuxActivity]@3d5b6ad: onDisplayChanged oldDisplayState=2 newDisplayState=2
06-29 10:12:49.927 26798 26798 I VRI[ReportActivity]@2637b35: onDisplayChanged oldDisplayState=2 newDisplayState=2
06-29 10:13:02.291 26798 26798 I VRI[TermuxActivity]@9200327: onDisplayChanged oldDisplayState=2 newDisplayState=2
06-29 10:13:02.291 26798 26798 I VRI[TermuxActivity]@3d5b6ad: onDisplayChanged oldDisplayState=2 newDisplayState=2
06-29 10:13:02.291 26798 26798 I VRI[ReportActivity]@2637b35: onDisplayChanged oldDisplayState=2 newDisplayState=2
06-29 10:13:10.083 26798 26798 I VRI[TermuxActivity]@9200327: onDisplayChanged oldDisplayState=2 newDisplayState=2
06-29 10:13:10.084 26798 26798 I VRI[TermuxActivity]@3d5b6ad: onDisplayChanged oldDisplayState=2 newDisplayState=2
06-29 10:13:10.084 26798 26798 I VRI[ReportActivity]@2637b35: onDisplayChanged oldDisplayState=2 newDisplayState=2
06-29 10:13:24.486 26798 26798 I VRI[TermuxActivity]@9200327: onDisplayChanged oldDisplayState=2 newDisplayState=2
06-29 10:13:24.486 26798 26798 I VRI[TermuxActivity]@3d5b6ad: onDisplayChanged oldDisplayState=2 newDisplayState=2
06-29 10:13:24.486 26798 26798 I VRI[ReportActivity]@2637b35: onDisplayChanged oldDisplayState=2 newDisplayState=2
06-29 10:13:25.288 26798 26798 I VRI[TermuxActivity]@9200327: onDisplayChanged oldDisplayState=2 newDisplayState=2
06-29 10:13:25.289 26798 26798 I VRI[TermuxActivity]@3d5b6ad: onDisplayChanged oldDisplayState=2 newDisplayState=2
06-29 10:13:25.293 26798 26798 I VRI[ReportActivity]@2637b35: onDisplayChanged oldDisplayState=2 newDisplayState=2
06-29 10:13:36.237 26798 26798 I VRI[TermuxActivity]@9200327: onDisplayChanged oldDisplayState=2 newDisplayState=2
06-29 10:13:36.237 26798 26798 I VRI[TermuxActivity]@3d5b6ad: onDisplayChanged oldDisplayState=2 newDisplayState=2
06-29 10:13:36.237 26798 26798 I VRI[ReportActivity]@2637b35: onDisplayChanged oldDisplayState=2 newDisplayState=2
06-29 10:13:48.131 26798 26798 I VRI[TermuxActivity]@9200327: onDisplayChanged oldDisplayState=2 newDisplayState=2
06-29 10:13:48.131 26798 26798 I VRI[TermuxActivity]@3d5b6ad: onDisplayChanged oldDisplayState=2 newDisplayState=2
06-29 10:13:48.131 26798 26798 I VRI[ReportActivity]@2637b35: onDisplayChanged oldDisplayState=2 newDisplayState=2
06-29 10:13:58.501 26798 26798 I VRI[TermuxActivity]@9200327: onDisplayChanged oldDisplayState=2 newDisplayState=2
06-29 10:13:58.501 26798 26798 I VRI[TermuxActivity]@3d5b6ad: onDisplayChanged oldDisplayState=2 newDisplayState=2
06-29 10:13:58.501 26798 26798 I VRI[ReportActivity]@2637b35: onDisplayChanged oldDisplayState=2 newDisplayState=2
06-29 10:13:59.565 26798 26798 I VRI[TermuxActivity]@9200327: onDisplayChanged oldDisplayState=2 newDisplayState=2
06-29 10:13:59.565 26798 26798 I VRI[TermuxActivity]@3d5b6ad: onDisplayChanged oldDisplayState=2 newDisplayState=2
06-29 10:13:59.566 26798 26798 I VRI[ReportActivity]@2637b35: onDisplayChanged oldDisplayState=2 newDisplayState=2
06-29 10:14:04.670 26798 26798 I VRI[TermuxActivity]@9200327: onDisplayChanged oldDisplayState=2 newDisplayState=2
06-29 10:14:04.670 26798 26798 I VRI[TermuxActivity]@3d5b6ad: onDisplayChanged oldDisplayState=2 newDisplayState=2
06-29 10:14:04.671 26798 26798 I VRI[ReportActivity]@2637b35: onDisplayChanged oldDisplayState=2 newDisplayState=2
06-29 10:14:04.702 26798 26798 I VRI[TermuxActivity]@9200327: onDisplayChanged oldDisplayState=2 newDisplayState=2
06-29 10:14:04.702 26798 26798 I VRI[TermuxActivity]@3d5b6ad: onDisplayChanged oldDisplayState=2 newDisplayState=2
06-29 10:14:04.702 26798 26798 I VRI[ReportActivity]@2637b35: onDisplayChanged oldDisplayState=2 newDisplayState=2
06-29 10:14:40.184 26798 26798 I VRI[TermuxActivity]@9200327: onDisplayChanged oldDisplayState=2 newDisplayState=2
06-29 10:14:40.184 26798 26798 I VRI[TermuxActivity]@3d5b6ad: onDisplayChanged oldDisplayState=2 newDisplayState=2
06-29 10:14:40.185 26798 26798 I VRI[ReportActivity]@2637b35: onDisplayChanged oldDisplayState=2 newDisplayState=2
06-29 10:14:40.238 26798 26798 I VRI[TermuxActivity]@9200327: onDisplayChanged oldDisplayState=2 newDisplayState=2
06-29 10:14:40.239 26798 26798 I VRI[TermuxActivity]@3d5b6ad: onDisplayChanged oldDisplayState=2 newDisplayState=2
06-29 10:14:40.239 26798 26798 I VRI[ReportActivity]@2637b35: onDisplayChanged oldDisplayState=2 newDisplayState=2
06-29 10:14:46.284 26798 26798 I VRI[TermuxActivity]@9200327: onDisplayChanged oldDisplayState=2 newDisplayState=2
06-29 10:14:46.284 26798 26798 I VRI[TermuxActivity]@3d5b6ad: onDisplayChanged oldDisplayState=2 newDisplayState=2
06-29 10:14:46.285 26798 26798 I VRI[ReportActivity]@2637b35: onDisplayChanged oldDisplayState=2 newDisplayState=2
06-29 10:14:46.870 26798 26798 I VRI[TermuxActivity]@9200327: onDisplayChanged oldDisplayState=2 newDisplayState=2
06-29 10:14:46.870 26798 26798 I VRI[TermuxActivity]@3d5b6ad: onDisplayChanged oldDisplayState=2 newDisplayState=2
06-29 10:14:46.870 26798 26798 I VRI[ReportActivity]@2637b35: onDisplayChanged oldDisplayState=2 newDisplayState=2
06-29 10:14:47.742 26798 26798 I VRI[TermuxActivity]@9200327: onDisplayChanged oldDisplayState=2 newDisplayState=2
06-29 10:14:47.742 26798 26798 I VRI[TermuxActivity]@3d5b6ad: onDisplayChanged oldDisplayState=2 newDisplayState=2
06-29 10:14:47.742 26798 26798 I VRI[ReportActivity]@2637b35: onDisplayChanged oldDisplayState=2 newDisplayState=2
06-29 10:14:48.559 26798 26798 I VRI[TermuxActivity]@9200327: onDisplayChanged oldDisplayState=2 newDisplayState=2
06-29 10:14:48.560 26798 26798 I VRI[TermuxActivity]@3d5b6ad: onDisplayChanged oldDisplayState=2 newDisplayState=2
06-29 10:14:48.560 26798 26798 I VRI[ReportActivity]@2637b35: onDisplayChanged oldDisplayState=2 newDisplayState=2
06-29 10:14:53.817 26798 26798 I VRI[TermuxActivity]@9200327: onDisplayChanged oldDisplayState=2 newDisplayState=2
06-29 10:14:53.817 26798 26798 I VRI[TermuxActivity]@3d5b6ad: onDisplayChanged oldDisplayState=2 newDisplayState=2
06-29 10:14:53.817 26798 26798 I VRI[ReportActivity]@2637b35: onDisplayChanged oldDisplayState=2 newDisplayState=2
06-29 10:14:54.363 26798 26798 I VRI[TermuxActivity]@9200327: onDisplayChanged oldDisplayState=2 newDisplayState=2
06-29 10:14:54.363 26798 26798 I VRI[TermuxActivity]@3d5b6ad: onDisplayChanged oldDisplayState=2 newDisplayState=2
06-29 10:14:54.363 26798 26798 I VRI[ReportActivity]@2637b35: onDisplayChanged oldDisplayState=2 newDisplayState=2
06-29 10:15:20.389 26798 26798 I VRI[TermuxActivity]@9200327: onDisplayChanged oldDisplayState=2 newDisplayState=2
06-29 10:15:20.389 26798 26798 I VRI[TermuxActivity]@3d5b6ad: onDisplayChanged oldDisplayState=2 newDisplayState=2
06-29 10:15:20.390 26798 26798 I VRI[ReportActivity]@2637b35: onDisplayChanged oldDisplayState=2 newDisplayState=2
06-29 10:15:21.400 26798 26798 I VRI[TermuxActivity]@9200327: onDisplayChanged oldDisplayState=2 newDisplayState=2
06-29 10:15:21.400 26798 26798 I VRI[TermuxActivity]@3d5b6ad: onDisplayChanged oldDisplayState=2 newDisplayState=2
06-29 10:15:21.400 26798 26798 I VRI[ReportActivity]@2637b35: onDisplayChanged oldDisplayState=2 newDisplayState=2
06-29 10:15:28.627 26798 26798 I VRI[TermuxActivity]@9200327: onDisplayChanged oldDisplayState=2 newDisplayState=2
06-29 10:15:28.627 26798 26798 I VRI[TermuxActivity]@3d5b6ad: onDisplayChanged oldDisplayState=2 newDisplayState=2
06-29 10:15:28.627 26798 26798 I VRI[ReportActivity]@2637b35: onDisplayChanged oldDisplayState=2 newDisplayState=2
06-29 10:15:32.872 26798 26798 I VRI[TermuxActivity]@9200327: onDisplayChanged oldDisplayState=2 newDisplayState=2
06-29 10:15:32.873 26798 26798 I VRI[TermuxActivity]@3d5b6ad: onDisplayChanged oldDisplayState=2 newDisplayState=2
06-29 10:15:32.873 26798 26798 I VRI[ReportActivity]@2637b35: onDisplayChanged oldDisplayState=2 newDisplayState=2
06-29 10:15:35.784 26798 26798 I VRI[TermuxActivity]@9200327: onDisplayChanged oldDisplayState=2 newDisplayState=2
06-29 10:15:35.785 26798 26798 I VRI[TermuxActivity]@3d5b6ad: onDisplayChanged oldDisplayState=2 newDisplayState=2
06-29 10:15:35.785 26798 26798 I VRI[ReportActivity]@2637b35: onDisplayChanged oldDisplayState=2 newDisplayState=2
06-29 10:15:36.954 26798 26798 I VRI[TermuxActivity]@9200327: onDisplayChanged oldDisplayState=2 newDisplayState=2
06-29 10:15:36.954 26798 26798 I VRI[TermuxActivity]@3d5b6ad: onDisplayChanged oldDisplayState=2 newDisplayState=2
06-29 10:15:36.954 26798 26798 I VRI[ReportActivity]@2637b35: onDisplayChanged oldDisplayState=2 newDisplayState=2
06-29 10:15:44.261 26798 26798 I VRI[TermuxActivity]@9200327: onDisplayChanged oldDisplayState=2 newDisplayState=2
06-29 10:15:44.261 26798 26798 I VRI[TermuxActivity]@3d5b6ad: onDisplayChanged oldDisplayState=2 newDisplayState=2
06-29 10:15:44.262 26798 26798 I VRI[ReportActivity]@2637b35: onDisplayChanged oldDisplayState=2 newDisplayState=2
06-29 10:15:46.699 26798 26798 I VRI[TermuxActivity]@9200327: onDisplayChanged oldDisplayState=2 newDisplayState=2
06-29 10:15:46.699 26798 26798 I VRI[TermuxActivity]@3d5b6ad: onDisplayChanged oldDisplayState=2 newDisplayState=2
06-29 10:15:46.699 26798 26798 I VRI[ReportActivity]@2637b35: onDisplayChanged oldDisplayState=2 newDisplayState=2
06-29 10:15:50.882 26798 26798 I VRI[TermuxActivity]@9200327: onDisplayChanged oldDisplayState=2 newDisplayState=2
06-29 10:15:50.882 26798 26798 I VRI[TermuxActivity]@3d5b6ad: onDisplayChanged oldDisplayState=2 newDisplayState=2
06-29 10:15:50.883 26798 26798 I VRI[ReportActivity]@2637b35: onDisplayChanged oldDisplayState=2 newDisplayState=2
06-29 10:15:50.953 26798 26798 I VRI[TermuxActivity]@9200327: onDisplayChanged oldDisplayState=2 newDisplayState=2
06-29 10:15:50.953 26798 26798 I VRI[TermuxActivity]@3d5b6ad: onDisplayChanged oldDisplayState=2 newDisplayState=2
06-29 10:15:50.953 26798 26798 I VRI[ReportActivity]@2637b35: onDisplayChanged oldDisplayState=2 newDisplayState=2
06-29 10:15:57.009 26798 26798 I VRI[TermuxActivity]@9200327: onDisplayChanged oldDisplayState=2 newDisplayState=2
06-29 10:15:57.009 26798 26798 I VRI[TermuxActivity]@3d5b6ad: onDisplayChanged oldDisplayState=2 newDisplayState=2
06-29 10:15:57.009 26798 26798 I VRI[ReportActivity]@2637b35: onDisplayChanged oldDisplayState=2 newDisplayState=2
06-29 10:15:57.540 26798 26798 I VRI[TermuxActivity]@9200327: onDisplayChanged oldDisplayState=2 newDisplayState=2
06-29 10:15:57.540 26798 26798 I VRI[TermuxActivity]@3d5b6ad: onDisplayChanged oldDisplayState=2 newDisplayState=2
06-29 10:15:57.540 26798 26798 I VRI[ReportActivity]@2637b35: onDisplayChanged oldDisplayState=2 newDisplayState=2
06-29 10:16:06.124 5969 5969 I libc : SetHeapTaggingLevel: tag level set to 0
06-29 10:16:06.132 5969 5969 I com.termux: Using CollectorTypeCMC GC.
06-29 10:16:06.136 5969 5969 E com.termux: Not starting debugger since process cannot load the jdwp agent.
06-29 10:16:06.141 5969 5969 D nativeloader: Load libframework-connectivity-tiramisu-jni.so using APEX ns com_android_tethering for caller /apex/com.android.tethering/javalib/framework-connectivity-t.jar: ok
06-29 10:16:06.143 5969 5969 D ActivityThread: setConscryptValidator
06-29 10:16:06.143 5969 5969 D ActivityThread: setConscryptValidator - put
06-29 10:16:06.169 5969 5969 D ApplicationLoaders: Returning zygote-cached class loader: /system/framework/android.test.base.jar
06-29 10:16:06.169 5969 5969 D ApplicationLoaders: Returning zygote-cached class loader: /system_ext/framework/androidx.window.extensions.jar
06-29 10:16:06.169 5969 5969 D ApplicationLoaders: Returning zygote-cached class loader: /system_ext/framework/androidx.window.sidecar.jar
06-29 10:16:06.169 5969 5969 W ziparchive: Unable to open '/data/app/~~txxAzURsZ761vu_sEEdPLQ==/com.termux-emB1FgcOnnkMs31DE1y8FA==/base.dm': No such file or directory
06-29 10:16:06.169 5969 5969 W ziparchive: Unable to open '/data/app/~~txxAzURsZ761vu_sEEdPLQ==/com.termux-emB1FgcOnnkMs31DE1y8FA==/base.dm': No such file or directory
06-29 10:16:06.201 5969 5969 D nativeloader: Configuring clns-7 for other apk /data/app/~~txxAzURsZ761vu_sEEdPLQ==/com.termux-emB1FgcOnnkMs31DE1y8FA==/base.apk. target_sdk_version=28, uses_libraries=, library_path=/data/app/~~txxAzURsZ761vu_sEEdPLQ==/com.termux-emB1FgcOnnkMs31DE1y8FA==/lib/arm64:/data/app/~~txxAzURsZ761vu_sEEdPLQ==/com.termux-emB1FgcOnnkMs31DE1y8FA==/base.apk!/lib/arm64-v8a, permitted_path=/data:/mnt/expand:/data/user/0/com.termux
06-29 10:16:06.201 5969 5969 D nativeloader: Extending system_exposed_libraries: libhumantracking.arcsoft.so:libPortraitDistortionCorrection.arcsoft.so:libPortraitDistortionCorrectionCali.arcsoft.so:libface_landmark.arcsoft.so:libFacialStickerEngine.arcsoft.so:libfrtracking_engine.arcsoft.so:libFaceRecognition.arcsoft.so:libveengine.arcsoft.so:lib_pet_detection.arcsoft.so:libae_bracket_hdr.arcsoft.so:libhybrid_high_dynamic_range.arcsoft.so:libimage_enhancement.arcsoft.so:liblow_light_hdr.arcsoft.so:libhigh_dynamic_range.arcsoft.so:libsuperresolution_raw.arcsoft.so:libobjectcapture_jni.arcsoft.so:libobjectcapture.arcsoft.so:libFacialAttributeDetection.arcsoft.so:libaudiomirroring_jni.audiomirroring.samsung.so:libBeauty_v4.camera.samsung.so:libexifa.camera.samsung.so:libjpega.camera.samsung.so:libOpenCv.camera.samsung.so:libC2paDps.camera.samsung.so:libVideoClassifier.camera.samsung.so:libImageScreener.camera.samsung.so:libMyFilter.camera.samsung.so:libtflite2.myfilters.camera.samsung.so:libHIDTSnapJNI.camera.samsung.so:libSmartScan.camera.samsung.so:lib
06-29 10:16:06.208 5969 5969 V GraphicsEnvironment: Currently set values for:
06-29 10:16:06.208 5969 5969 V GraphicsEnvironment: angle_gl_driver_selection_pkgs=[]
06-29 10:16:06.208 5969 5969 V GraphicsEnvironment: angle_gl_driver_selection_values=[]
06-29 10:16:06.208 5969 5969 V GraphicsEnvironment: Global.Settings values are invalid: number of packages: 0, number of values: 0
06-29 10:16:06.208 5969 5969 V GraphicsEnvironment: App is not on the allowlist for updatable production driver.
06-29 10:16:06.230 5969 5969 D ActivityThread: com.termux will use render engine as VK
06-29 10:16:06.231 5969 5969 D HWUI : HWUI - treat SMPTE_170M as sRGB
06-29 10:16:06.235 5969 6008 D HWUI : CacheManager constructor. deviceInfo=(1080, 1920)
06-29 10:16:06.235 5969 6008 D vulkan : searching for layers in '/data/app/~~txxAzURsZ761vu_sEEdPLQ==/com.termux-emB1FgcOnnkMs31DE1y8FA==/lib/arm64'
06-29 10:16:06.235 5969 6008 D vulkan : searching for layers in '/data/app/~~txxAzURsZ761vu_sEEdPLQ==/com.termux-emB1FgcOnnkMs31DE1y8FA==/base.apk!/lib/arm64-v8a'
06-29 10:16:06.239 5969 6008 V XGL : ----------------------------------------------------------------------
06-29 10:16:06.239 5969 6008 V XGL : SUMD version compiled date = 2025-03-11 10:23 - KST
06-29 10:16:06.239 5969 6008 V XGL : SUMD version revision number = e5014ade39
06-29 10:16:06.239 5969 6008 V XGL : SUMD version info = Driver version: 24.3.9, git hash: e5014ade39
06-29 10:16:06.239 5969 6008 V XGL : ----------------------------------------------------------------------
06-29 10:16:06.239 5969 6008 V XGL : Entering: Create
06-29 10:16:06.260 5969 6008 V XGL : Exiting: Create
06-29 10:16:06.269 5969 5969 W Termux:SharedProperties: Not loading properties since file is null
06-29 10:16:06.283 5969 5969 I DecorView: setWindowBackground: isPopOver=false color=ff000000 d=android.graphics.drawable.ColorDrawable@67a2b0c
06-29 10:16:06.298 5969 5969 D CompatChangeReporter: Compat change id reported: 37756858; UID 10442; state: ENABLED
06-29 10:16:06.325 5969 5969 I ViewRootImpl: dVRR is disabled
06-29 10:16:06.325 5969 5969 D HardwareRenderer: onDisplayChanged. displayId=0 current wxh=1080x2340 mLargest wxh=0x0
06-29 10:16:06.326 5969 5969 D HardwareRenderer: Set largestWidth and largestHeight as logical resolution. (1080x2340)
06-29 10:16:06.326 5969 6008 D HWUI : setMaxSurfaceArea requested wxh=(1080,2340) requestedSurfaceArea(2527200) mMaxSurfaceArea(2073600)
06-29 10:16:06.326 5969 6008 D NativeCustomFrequencyManager: [NativeCFMS] BpCustomFrequencyManager::BpCustomFrequencyManager()
06-29 10:16:06.332 5969 5969 D InputTransport: Input channel constructed: '388458b', fd=120
